{"id":9,"date":"2021-07-19T18:06:33","date_gmt":"2021-07-19T15:06:33","guid":{"rendered":"https:\/\/jarviseutuseurafi.test.cchosting.fi\/?page_id=9"},"modified":"2021-07-20T12:58:46","modified_gmt":"2021-07-20T09:58:46","slug":"jasensivut","status":"publish","type":"page","link":"https:\/\/jarviseutuseura.fi\/index.php\/jasensivut\/","title":{"rendered":"J\u00e4sensivut"},"content":{"rendered":"\n<p>J\u00e4rviseutu-Seuran j\u00e4seneksi voi liitty\u00e4 jokainen seuran tarkoituksen hyv\u00e4ksyv\u00e4 Suomen kansalainen&nbsp; ja Suomessa toimiva oikeustoimikelpoinen yhteis\u00f6, jonka seuran hallitus hyv\u00e4ksyy.<\/p>\n\n\n\n<p>J\u00e4rviseutu-Seuran j\u00e4senmaksut:<br>Vuosij\u00e4senmaksu 15\u20ac<\/p>\n","protected":false},"excerpt":{"rendered":"<p>J\u00e4rviseutu-Seuran j\u00e4seneksi voi liitty\u00e4 jokainen seuran tarkoituksen hyv\u00e4ksyv\u00e4 Suomen kansalainen&nbsp; ja Suomessa toimiva oikeustoimikelpoinen yhteis\u00f6, jonka seuran hallitus hyv\u00e4ksyy. J\u00e4rviseutu-Seuran j\u00e4senmaksut:Vuosij\u00e4senmaksu 15\u20ac<\/p>\n","protected":false},"author":2,"featured_media":0,"parent":0,"menu_order":0,"comment_status":"closed","ping_status":"closed","template":"","meta":{"footnotes":""},"class_list":["post-9","page","type-page","status-publish","hentry"],"_links":{"self":[{"href":"https:\/\/jarviseutuseura.fi\/index.php\/wp-json\/wp\/v2\/pages\/9","targetHints":{"allow":["GET"]}}],"collection":[{"href":"https:\/\/jarviseutuseura.fi\/index.php\/wp-json\/wp\/v2\/pages"}],"about":[{"href":"https:\/\/jarviseutuseura.fi\/index.php\/wp-json\/wp\/v2\/types\/page"}],"author":[{"embeddable":true,"href":"https:\/\/jarviseutuseura.fi\/index.php\/wp-json\/wp\/v2\/users\/2"}],"replies":[{"embeddable":true,"href":"https:\/\/jarviseutuseura.fi\/index.php\/wp-json\/wp\/v2\/comments?post=9"}],"version-history":[{"count":2,"href":"https:\/\/jarviseutuseura.fi\/index.php\/wp-json\/wp\/v2\/pages\/9\/revisions"}],"predecessor-version":[{"id":22,"href":"https:\/\/jarviseutuseura.fi\/index.php\/wp-json\/wp\/v2\/pages\/9\/revisions\/22"}],"wp:attachment":[{"href":"https:\/\/jarviseutuseura.fi\/index.php\/wp-json\/wp\/v2\/media?parent=9"}],"curies":[{"name":"wp","href":"https:\/\/api.w.org\/{rel}","templated":true}]}}